9.
-1023457
What is 101314 (base 8) in base 3?
1200221011
What is -102000000211 (base 3) in base 9?
-360024
-22ea43 (base 15) to base 11
-a40405
What is 5ca40 (base 14) in base 11?
145626
What is -1011011100000011 (base 2) in base 15?
-dd36
What is -138726 (base 16) in base 2?
-100111000011100100110
What is 22153711 (base 8) in base 9?
8875418
What is 21211002011 (base 3) in base 12?
75071
Convert -110000101000010001 (base 2) to base 5.
-22333220
What is -321de (base 16) in base 5?
-23032103
-12011022011022 (base 3) to base 10
-2741885
-11000110111100101010 (base 2) to base 12
-3336b6
5412402 (base 6) to base 5
32010013
3211333 (base 5) to base 4
31023100
-40034334 (base 8) to base 9
-16726868
What is 101a2ab (base 12) in base 4?
23202120203
What is -bda32 (base 15) in base 5?
-123244142
-10011100000111111 (base 2) to base 10
-79935
Convert 353502 (base 8) to base 12.
59996
What is a5312 (base 15) in base 13?
154568
Convert -102312310322 (base 4) to base 7.
-60005360
7c5289 (base 13) to base 5
1224000334
1011110000010001111110 (base 2) to base 16
2f047e
What is -121000123031 (base 4) in base 7?
-106501532
Convert -3573801 (base 10) to base 2.
-1101101000100000101001
-468672 (base 11) to base 6
-23534051
59106 (base 11) to base 16
14d3f
Convert -624848 (base 11) to base 16.
-f49cc
6b431 (base 12) to base 6
3030501
Convert b29b7 (base 15) to base 9.
1052141
-232079 (base 10) to base 7
-1654421
What is 1774ca (base 13) in base 11?
371398
Convert -162326 (base 8) to base 7.
-332536
Convert 1701326 (base 11) to base 4.
23010022200
-485c7 (base 14) to base 13
-625ca
What is -506462 (base 7) in base 4?
-111010331
What is 10b9d0 (base 15) in base 7?
6534426
Convert -111111011000110111010110 (base 2) to base 4.
-333120313112
Convert 11201001221 (base 3) to base 2.
10110100111011011
Convert -121220000120122 (base 3) to base 4.
-202033113332
122110121212 (base 3) to base 6
11211422
-102102200000 (base 3) to base 12
-aa276
What is -1001001101111101 (base 2) in base 12?
-19a25
974a5 (base 11) to base 3
21012100121
Convert 42cb0c (base 13) to base 16.
17f6e1
What is -110401103 (base 5) in base 13?
-13b170
21001101221 (base 3) to base 10
138805
100112022100001 (base 3) to base 11
294a129
Convert b392 (base 15) to base 16.
9431
What is -a712d6 (base 15) in base 6?
-442235303
What is 10302 (base 9) in base 6?
51302
Convert 38c09 (base 13) to base 8.
315520
-98a7a9 (base 11) to base 12
-642a27
-145ae (base 15) to base 4
-33332012
What is 1e928c (base 15) in base 2?
101101101111111001010
What is 11111001011010110000000 (base 2) in base 11?
4682495
What is 1323292 (base 12) in base 7?
44061023
What is 1831343 (base 9) in base 14?
1c9527
Convert 3123031122 (base 4) to base 13.
2558bb
What is -587650 (base 9) in base 2?
-1010110010001010111
-122213033211 (base 4) to base 8
-32471745
What is 343217 (base 9) in base 14?
54dac
What is 954a52 (base 13) in base 7?
41464316
Convert -21011120110 (base 3) to base 15.
-2bc29
What is -10110110111001010001110 (base 2) in base 7?
-101640413
What is 3432302 (base 5) in base 4?
33002021
Convert -100011001111100001111 (base 2) to base 15.
-17c28b
What is 1000010001010000101100 (base 2) in base 3?
11002010201211
What is -12213331 (base 5) in base 7?
-664165
What is 277958 (base 10) in base 15?
57558
141010204 (base 5) to base 13
1c25c9
Convert -126250146 (base 7) to base 3.
-120100202012020
-211223333032 (base 4) to base 13
-207ba79
Convert b1671 (base 13) to base 14.
839aa
What is -65550 (base 15) in base 14?
-853d7
What is 1ca4c (base 15) in base 5?
10442242
-70124032 (base 8) to base 13
-30865c0
What is -21243515 (base 6) in base 4?
-2121112013
Convert 3449892 (base 12) to base 2.
100110010110010110101110
Convert -650a41 (base 11) to base 9.
-1855586
-10333230113 (base 4) to base 11
-814901
What is -354450 (base 7) in base 6?
-1212233
What is -706646 (base 8) in base 4?
-320312212
3b459a (base 16) to base 6
215131310
What is 1454340 (base 6) in base 13?
2ca48
-707004 (base 8) to base 11
-14a036
What is -120111232 (base 4) in base 3?
-12001202101
-11302535 (base 6) to base 9
-583775
10010001010010001 (base 2) to base 5
4340020
Convert -1ca266 (base 13) to base 9.
-1342151
59603f (base 16) to base 4
112112000333
-1c11c (base 13) to base 7
-316461
What is 20011211110 (base 3) in base 13?
43485
What is -2313322 (base 5) in base 15?
-c55c
What is -a1b4 (base 16) in base 8?
-120664
-125a3 (base 13) to base 10
-33933
Convert -3ca7cb (base 13) to base 14.
-2a7495
22143021 (base 5) to base 8
571747
52202b (base 14) to base 15
39b2a4
What is -1255050 (base 6) in base 7?
-410331
What is 2626308 (base 9) in base 11?
8a0096
Convert -627278 (base 9) to base 16.
-5b010
Convert -222201011221002 (base 3) to base 12.
-4906878
-7085208 (base 9) to base 10
-3776390
What is 1156243 (base 7) in base 3?
21112220111
What is -136a6a (base 13) in base 12?
-1a9140
11101110111100101110 (base 2) to base 6
32551102
Convert 256551014 (base 7) to base 14.
2282a7b
Convert -115330 (base 16) to base 4.
-10111030300
Convert -973ab (base 16) to base 14.
-121a55
What is -11100001101010100110100 (base 2) in base 7?
-116565431
What is 1146474 (base 10) in base 6?
40323430
What is -686c5b (base 14) in base 13?
-975389
-2441304300 (base 5) to base 11
-3306832
2122012312 (base 4) to base 14
126074
Convert -56a49a (base 11) to base 3.
-1201002011202
What is 171518 (base 9) in base 13?
393c8
What is d2a0bd (base 14) in base 9?
14315072
What is -13113110 (base 7) in base 5?
-301244113
912c50 (base 13) to base 11
19a6a54
Convert -1001010110011001000 (base 2) to base 11.
-19a204
51b938 (base 16) to base 13
1156a41
What is 8975a (base 11) in base 12?
632ab
What is -1010002100100 (base 3) in base 2?
-10010000100101001000
430132440 (base 5) to base 9
3346184
What is -113014413 (base 6) in base 4?
-20001021021
Convert 33215404 (base 7) to base 3.
12101101020201
What is d0977 (base 14) in base 11?
312687
What is -111000110010010101001 (base 2) in base 6?
-103514413
6b939 (base 16) to base 7
3513434
-3705963 (base 10) to base 13
-9c9aa1
What is -30067 (base 14) in base 3?
-12212012211
1011001000001001 (base 2) to base 14
12877
-122150423 (base 6) to base 11
-1363552
-136634 (base 8) to base 15
-e5b0
Convert a2025 (base 11) to base 4.
210121223
Convert -1302313300 (base 4) to base 2.
-1110010110111110000
What is -5090883 (base 10) in base 12?
-1856143
-8a38e (base 15) to base 4
-1223110013
What is 1241001 (base 7) in base 2?
100111010110111011
Convert -442232 (base 7) to base 8.
-227507
Convert 102301001 (base 4) to base 16.
12c41
Convert -737374 (base 9) to base 4.
-1223002213
497b0 (base 12) to base 9
161606
1b6117 (base 13) to base 16
aa9d3
-486483 (base 12) to base 14
-2272cb
-1001111111010010011000 (base 2) to base 7
-31154112
What is 2254418 (base 9) in base 15?
190912
What is 54193 (base 14) in base 11?
129892
Convert -42bac8 (base 13) to base 9.
-2850282
What is 6ec52 (base 16) in base 15?
8e679
Convert 1156e (base 15) to base 8.
153675
What is 242414104 (base 5) in base 8?
4257736
What is 8f4eb (base 16) in base 6?
20325311
What is -1536103 (base 10) in base 14?
-2bdb39
Convert -3303440 (base 5) to base 11.
-396a7
What is -4a9dd6 (base 15) in base 9?
-6652053
323972 (base 12) to base 13
21a850
What is 30201312 (base 4) in base 8?
144166
What is 497dc (base 16) in base 10?
301020
Convert 340514 (base 7) to base 6.
1143025
Convert 200121221100 (base 3) to base 4.
1121200302
-202660 (base 9) to base 5
-12320341
Convert 211202023 (base 4) to base 3.
21210220001
796b1 (base 16) to base 4
1321122301
What is -12554252 (base 6) in base 10?
-419576
What is -110011022000 (base 3) in base 14?
-6330c
Convert -12641562 (base 7) to base 4.
-10131213333
Convert 1454ca (base 13) to base 5.
111403424
What is 213022401 (base 5) in base 13?
25a2b9
What is 14140240 (base 5) in base 10?
146320
2233232321 (base 4) to base 2
10101111101110111001
What is 11101111010100100110 (base 2) in base 8?
3572446
Convert -15011201 (base 6) to base 7.
-4242610
Convert 2c673a (base 14) to base 5.
344221103
What is 105611 (base 8) in base 9?
54000
244133445 (base 6) to base 9
8720112
What is -210310412 (base 5) in base 15?
-122957
145276 (base 9) to base 8
256121
Convert 3114340 (base 6) to base 14.
3c96c